-51, 2*u + 8 = -o + 4. Let w = 14 + o. Let k be 1 - 150/(w - 2). Calculate the greatest common divisor of k and 114.
38
Suppose 75*f = 27*f + 528. What is the highest common divisor of f and 77?
11
Suppose -285 = -27*g + 8*g. Calculate the greatest common divisor of g and 645.
15
Let r(i) be the first derivative of -i**4/2 - 4*i**3/3 + 3*i**2/2 - 2*i + 7. Let z be r(-4). What is the highest common factor of z and 75?
25
Let m = 38 + -15. Suppose -4*x = 2*g - 606, 6*g - 2*x - 1310 - 480 = 0. What is the greatest common divisor of g and m?
23
Let j(a) = a**2 + 11*a + 2. Let h be j(-14). What is the greatest common divisor of 12 and h?
4
Suppose -6*k + 8*k = 134. Suppose 0 = -4*f + 3*u + 55, f = 5*f + u - k. Let n be (0 - 2)/2 - -81. What is the greatest common factor of f and n?
16
Suppose 179 + 45 = -8*i. Let c be (-1532)/i + (-6)/(-21). What is the greatest common factor of c and 11?
11
Let s be 3/(-15) - (-3171)/5. Suppose -5*j + s - 179 = 0. Calculate the highest common factor of j and 26.
13
Let d = -24 - -73. Calculate the highest common divisor of d and 7.
7
Let x(b) = b**3 - 2*b**2 - 7*b + 5. Let f be x(4). Let w = 1461 - 1380. Calculate the greatest common factor of w and f.
9
Let w(c) = 4*c**3 + 136*c - 65*c - 69*c. Let q be w(2). What is the greatest common factor of 4 and q?
4
Suppose -5*g + 68 = -27. What is the greatest common factor of g and 171?
19
Let v(t) be the first derivative of -25*t**2 + 2*t + 7. Let c be v(-3). Calculate the greatest common divisor of c and 19.
19
Let m be -6 - (3 + (-21285)/9). What is the greatest common divisor of 76 and m?
76
Suppose 4*t = 3*x - 405, -8*x = -t - 9*x - 103. Let v = 118 + t. Let f(w) = -w + 1. Let z be f(-1). What is the greatest common divisor of v and z?
2
Let p be (12/7)/(2/14). Let j(t) = -2*t - 8 - 5*t**2 + t**3 + 12*t**2 + 3*t**2 + 0*t. Let b be j(-10). Calculate the greatest common factor of p and b.
12
Let v(g) = 2*g - 2. Let a be v(7). Let o be (-3 + 2 - -13)*(-15 + 16). Calculate the greatest common divisor of o and a.
12
Let m be (3 - 8) + 0 + 1. Let c be -5*m/8*-6. Let u be -3 + (-3 - 10)*c. What is the highest common factor of 24 and u?
24
Let v = 24 + -3. Suppose -46 - 76 = -2*z. Let u = 103 - z. What is the greatest common factor of u and v?
21
Suppose -15 = -h + 4*y, 0 = 6*h - 4*h - 5*y - 21. Let g = 1 + 0. Calculate the greatest common divisor of h and g.
1
Let s = -150 + 215. What is the greatest common divisor of s and 26?
13
Let d(x) = 2*x**3 - 12*x**2 + 8*x. Let s be d(6). Suppose -3*g - 128 = -7*g. Calculate the greatest common divisor of s and g.
16
Suppose -3*l + 125 - 32 = 0. Suppose l = 3*s - 11. Suppose -4*c + 366 = 5*a, 0*a + 3*a + c - 214 = 0. Calculate the highest common factor of a and s.
14
Suppose 618 = 50*a - 882. What is the greatest common factor of 190 and a?
10
Let b(u) = -u**3 + 4*u**2 + 15*u - 11. Let i be b(5). What is the highest common factor of i and 273?
39
Let d be 10/(40/114) + (-3)/6. What is the greatest common factor of d and 392?
28
Let p = 43 - 40. Suppose 5*a = -4*u + 62, -u = -2*u - p*a + 19. Calculate the greatest common factor of u and 52.
13
Suppose -2*m = -m - 46. Let t be m/6 + 4/12. Suppose -4*v = 4*k - 272, -k = v - 2*k - 60. What is the highest common factor of v and t?
8
Let a be (26680/(-759) + 4/(-22))*-6. What is the greatest common factor of 8 and a?
4
Let k = 111 + -107. Let b = 2 + 2. What is the greatest common divisor of k and b?
4
Suppose -3*x = 2*x - 90. Let a(t) be the third derivative of -5*t**4/12 + t**3/3 - 3*t**2. Let j be a(-7). Calculate the greatest common factor of j and x.
18
Suppose 3*q + 8 = 5. Let k be -36*(-5)/(-10)*q. Calculate the highest common divisor of 72 and k.
18
Let t = 1 + -4. Let m = t - -4. Suppose 0 = -6*p + 2*p + 8. Calculate the highest common divisor of p and m.
1
Suppose 2*p + 6 + 40 = 3*n, -3*n + 21 = 3*p. Suppose s = 5*d - 24, -2*d = 5 - 15. Let l = 7 + s. Calculate the greatest common factor of l and n.
4
Suppose -351 - 84 = -5*i. Calculate the highest common divisor of 406 and i.
29
Let g(t) = 51*t - 352. Let p be g(8). What is the greatest common divisor of p and 84?
28
Let l be (15 + (-15 - 11))*(-1 + -14). Calculate the highest common factor of 120 and l.
15
Suppose 124*c - 122*c - 26 = 0. Suppose 93 = 2*o - 11. What is the greatest common divisor of c and o?
13
Let z = 18 - 12. Let f(y) = 7*y**2 - 4*y + 4. Let d(u) = u**3 - 5*u**2 + 4*u + 2. Let a be d(4). Let k be f(a). Calculate the highest common factor of z and k.
6
Suppose -g + 95 = -0*o + 4*o, 2*o + g = 47. Suppose i - 53 - 32 = 4*q, 4*i + q - 289 = 0. Let v = i - 25. Calculate the greatest common factor of o and v.
24
Let y = -714 + 866. What is the highest common divisor of y and 19?
19
Let n(g) = -g**2 - 15*g + 1. Let a be 4*((-100)/16 + 4). Let t be n(a). Calculate the highest common factor of t and 11.
11
Suppose -2224*q + 2228*q - 104 = 0. What is the greatest common divisor of 325 and q?
13
Let s(c) be the second derivative of 7*c - 3*c**2 + 0 - 7/12*c**4 + 1/20*c**5 + 3/2*c**3. Let x be s(6). Calculate the highest common factor of x and 48.
12
Let d be (10/6 - 2)*0. Let h be 0 - 0 - d - -3. Suppose 0 = 5*z + 5*c - 460, z = -h*z + c + 373. What is the greatest common factor of z and 62?
31
Let s = 22 - -14. Let p be -12*(-1 - 2 - 9). Calculate the highest common divisor of s and p.
36
Let y(o) = -o**2 - 15*o + 12. Let f be y(-15). Suppose a = -3*a - f. Let w be 216/(5 + a)*1. Calculate the highest common factor of 12 and w.
12
Suppose -o - 54 = -178. Suppose 5*a + 34 = o. Suppose 11*g - 12 = 10. What is the greatest common factor of a and g?
2
Suppose 0 = 2*f + 9*f - 264. Suppose 4*u - 5*v - 1041 = 0, 4*u + v - 636 = 423. What is the highest common divisor of u and f?
24
Let o(x) = -x**3 + 8*x**2 + 2. Let n be o(8). Suppose 2 + 2 = n*g. Suppose -g*i = -90 + 24. What is the greatest common factor of i and 11?
11
Suppose 0 = -4*j - 3 + 23. Calculate the highest common divisor of j and 10.
5
Let c be (-2431)/34*-5*2. Suppose -155 = 8*l - c. Suppose 0 = a - 2*y, -3*y + 0*y + 15 = 0. What is the highest common divisor of l and a?
10
Let b(a) = a**3 + 6*a**2 - a + 2. Let j be b(-6). Suppose 9 = t + j. Suppose 0*w = w - 2. Calculate the greatest common factor of t and w.
1
Let k = -22 + 66. Let x = -31 + k. What is the highest common factor of x and 13?
13
Suppose -3*n - 18 = -3*x, 3*n - 2*n - 6 = -3*x. Suppose 265*o - 15 = 260*o. Let s = o - n. What is the greatest common factor of 9 and s?
3
Suppose 489 = 64*r + 41. Suppose j + 5*q + 32 = 3*j, -j + 23 = q. What is the greatest common factor of r and j?
7
Suppose 0 = 5*y - 5*f - 10, 0 = 2*f + 2 - 4. Suppose -13 = -v - y. Let t be (16/v)/(6/195). Calculate the highest common divisor of 13 and t.
13
Let g be (-39)/(-2) + (-12)/(-24). Suppose 0 = f - 2*w - 94, f + 3*w - 97 = 4*w. Calculate the highest common divisor of g and f.
20
Suppose 168 = 7*h + 56. Let j(l) = 2*l**2 + 5*l - 4. Let m = 6 + -2. Let u be j(m). What is the highest common factor of u and h?
16
Let i be (-522)/(-72) - (27/12 - 2). What is the highest common factor of 3 and i?
1
Let l(o) = 3*o**2 - 38*o - 8. Let p be l(13). Suppose 0*h + 906 = p*h - 3*w, -4*h - 4*w = -712. Calculate the highest common divisor of 40 and h.
20
Let z(p) = 59*p**3 + p**2 + 0*p**2 - 1 + p**2. Let s be z(1). Suppose 29*a + 96 = 531. What is the highest common divisor of s and a?
15
Suppose -3*k + 3*s = 574 + 740, -3*k - 2*s = 1304. Let b be k/32*-2 - (-3)/4. What is the greatest common factor of 28 and b?
28
Let f(o) be the third derivative of 2*o**5/5 - o**4/6 - 2*o**3/3 + 13*o**2. Let z be f(-2). What is the greatest common factor of 20 and z?
20
Let b be (7 - (1 - (-3 + 1))) + 62. Calculate the highest common factor of 297 and b.
33
Let q = -28 + 109. Suppose 0 = 12*d + q - 2889. Calculate the greatest common factor of 26 and d.
26
Let m(o) = 10*o**2 + 10*o. Let z be m(3). Calculate the greatest common factor of z and 105.
15
Let g be 2/10 - (-2034)/30. Calculate the highest common divisor of g and 17.
17
Let z = 1 - -2. Let c be (-1 + z)/4*24. Calculate the highest common divisor of 48 and c.
12
Let n = 148 + -56. Suppose -4*s - 58 = -5*h, -5*h + s + n = 25. Let w be (h/(-35))/(1/(-100)). What is the greatest common fact